{"id":34,"date":"2025-09-28T20:08:55","date_gmt":"2025-09-28T20:08:55","guid":{"rendered":"https:\/\/althaus-it.de\/?page_id=34"},"modified":"2025-11-14T22:04:23","modified_gmt":"2025-11-14T22:04:23","slug":"contact","status":"publish","type":"page","link":"https:\/\/althaus-it.de\/?page_id=34","title":{"rendered":"Contact"},"content":{"rendered":"\t\t<div data-elementor-type=\"wp-page\" data-elementor-id=\"34\" class=\"elementor elementor-34\" data-elementor-post-type=\"page\">\n\t\t\t\t<div class=\"elementor-element elementor-element-6ae62c4b e-flex e-con-boxed e-con e-parent\" data-id=\"6ae62c4b\" data-element_type=\"container\" data-e-type=\"container\">\n\t\t\t\t\t<div class=\"e-con-inner\">\n\t\t<div class=\"elementor-element elementor-element-1eebd3c4 e-con-full e-flex e-con e-child\" data-id=\"1eebd3c4\" data-element_type=\"container\" data-e-type=\"container\">\n\t\t\t\t<div class=\"elementor-element elementor-element-c33acf1 elementor-headline--style-rotate elementor-widget elementor-widget-animated-headline\" data-id=\"c33acf1\" data-element_type=\"widget\" data-e-type=\"widget\" data-settings=\"{&quot;headline_style&quot;:&quot;rotate&quot;,&quot;animation_type&quot;:&quot;slide-down&quot;,&quot;rotating_text&quot;:&quot;verst\\u00e4ndlich.\\nzuverl\\u00e4ssig.\\nzukunftssicher.\\neinfach.&quot;,&quot;loop&quot;:&quot;yes&quot;,&quot;rotate_iteration_delay&quot;:2500}\" data-widget_type=\"animated-headline.default\">\n\t\t\t\t\t\t\t<h2 class=\"elementor-headline elementor-headline-animation-type-slide-down\">\n\t\t\t\t\t<span class=\"elementor-headline-plain-text elementor-headline-text-wrapper\">Ich mache IT f\u00fcr Sie<\/span>\n\t\t\t\t<span class=\"elementor-headline-dynamic-wrapper elementor-headline-text-wrapper\">\n\t\t\t\t\t<span class=\"elementor-headline-dynamic-text elementor-headline-text-active\">\n\t\t\t\tverst\u00e4ndlich.\t\t\t<\/span>\n\t\t\t\t\t<span class=\"elementor-headline-dynamic-text\">\n\t\t\t\tzuverl\u00e4ssig.\t\t\t<\/span>\n\t\t\t\t\t<span class=\"elementor-headline-dynamic-text\">\n\t\t\t\tzukunftssicher.\t\t\t<\/span>\n\t\t\t\t\t<span class=\"elementor-headline-dynamic-text\">\n\t\t\t\teinfach.\t\t\t<\/span>\n\t\t\t\t\t\t<\/span>\n\t\t\t\t<\/h2>\n\t\t\t\t\t\t<\/div>\n\t\t\t\t<div class=\"elementor-element elementor-element-1e532cab elementor-widget__width-initial elementor-widget-tablet__width-inherit elementor-widget elementor-widget-text-editor\" data-id=\"1e532cab\" data-element_type=\"widget\" data-e-type=\"widget\" data-widget_type=\"text-editor.default\">\n\t\t\t\t\t\t\t\t\t<p>Kontaktieren Sie mich f\u00fcr eine kostenlose Beratung und Kostensch\u00e4tzung!<\/p>\t\t\t\t\t\t\t\t<\/div>\n\t\t\t\t<\/div>\n\t\t<div class=\"elementor-element elementor-element-38af5d6e e-con-full e-flex e-con e-child\" data-id=\"38af5d6e\" data-element_type=\"container\" data-e-type=\"container\" data-settings=\"{&quot;background_background&quot;:&quot;classic&quot;,&quot;background_motion_fx_motion_fx_scrolling&quot;:&quot;yes&quot;,&quot;background_motion_fx_opacity_effect&quot;:&quot;yes&quot;,&quot;background_motion_fx_opacity_level&quot;:{&quot;unit&quot;:&quot;px&quot;,&quot;size&quot;:&quot;7&quot;,&quot;sizes&quot;:[]},&quot;background_motion_fx_opacity_range&quot;:{&quot;unit&quot;:&quot;%&quot;,&quot;size&quot;:&quot;&quot;,&quot;sizes&quot;:{&quot;start&quot;:&quot;0&quot;,&quot;end&quot;:&quot;100&quot;}},&quot;background_motion_fx_opacity_direction&quot;:&quot;out-in&quot;,&quot;background_motion_fx_devices&quot;:[&quot;desktop&quot;,&quot;tablet&quot;,&quot;mobile&quot;]}\">\n\t\t\t\t<div class=\"elementor-element elementor-element-3aedbe2 elementor-widget elementor-widget-image\" data-id=\"3aedbe2\" data-element_type=\"widget\" data-e-type=\"widget\" data-widget_type=\"image.default\">\n\t\t\t\t\t\t\t\t\t\t\t\t\t\t\t<img fetchpriority=\"high\" decoding=\"async\" width=\"1024\" height=\"682\" src=\"https:\/\/althaus-it.de\/wp-content\/uploads\/2025\/11\/Althaus_K-med360_dez04294-1024x682.jpg\" class=\"attachment-large size-large wp-image-182\" alt=\"\" srcset=\"https:\/\/althaus-it.de\/wp-content\/uploads\/2025\/11\/Althaus_K-med360_dez04294-1024x682.jpg 1024w, https:\/\/althaus-it.de\/wp-content\/uploads\/2025\/11\/Althaus_K-med360_dez04294-300x200.jpg 300w, https:\/\/althaus-it.de\/wp-content\/uploads\/2025\/11\/Althaus_K-med360_dez04294-768x512.jpg 768w, https:\/\/althaus-it.de\/wp-content\/uploads\/2025\/11\/Althaus_K-med360_dez04294-1536x1024.jpg 1536w, https:\/\/althaus-it.de\/wp-content\/uploads\/2025\/11\/Althaus_K-med360_dez04294.jpg 1772w\" sizes=\"(max-width: 1024px) 100vw, 1024px\" \/>\t\t\t\t\t\t\t\t\t\t\t\t\t\t\t<\/div>\n\t\t\t\t<\/div>\n\t\t\t\t\t<\/div>\n\t\t\t\t<\/div>\n\t\t<div class=\"elementor-element elementor-element-bb9b863 e-flex e-con-boxed e-con e-parent\" data-id=\"bb9b863\" data-element_type=\"container\" data-e-type=\"container\">\n\t\t\t\t\t<div class=\"e-con-inner\">\n\t\t<div class=\"elementor-element elementor-element-21a8f15d e-con-full e-flex e-con e-child\" data-id=\"21a8f15d\" data-element_type=\"container\" data-e-type=\"container\">\n\t\t\t\t<div class=\"elementor-element elementor-element-4c2edc05 elementor-widget elementor-widget-heading\" data-id=\"4c2edc05\" data-element_type=\"widget\" data-e-type=\"widget\" data-widget_type=\"heading.default\">\n\t\t\t\t\t<h3 class=\"elementor-heading-title elementor-size-default\">Addresse<\/h3>\t\t\t\t<\/div>\n\t\t\t\t<div class=\"elementor-element elementor-element-706057f0 elementor-widget elementor-widget-text-editor\" data-id=\"706057f0\" data-element_type=\"widget\" data-e-type=\"widget\" data-widget_type=\"text-editor.default\">\n\t\t\t\t\t\t\t\t\t<p>Bruntjer Weg 93,<\/p><p>26845 Nortmoor<\/p>\t\t\t\t\t\t\t\t<\/div>\n\t\t\t\t<\/div>\n\t\t<div class=\"elementor-element elementor-element-fa8006c e-con-full e-flex e-con e-child\" data-id=\"fa8006c\" data-element_type=\"container\" data-e-type=\"container\">\n\t\t\t\t<div class=\"elementor-element elementor-element-278fddf6 elementor-widget elementor-widget-heading\" data-id=\"278fddf6\" data-element_type=\"widget\" data-e-type=\"widget\" data-widget_type=\"heading.default\">\n\t\t\t\t\t<h3 class=\"elementor-heading-title elementor-size-default\">Kontakt<\/h3>\t\t\t\t<\/div>\n\t\t\t\t<div class=\"elementor-element elementor-element-231527c7 elementor-widget elementor-widget-text-editor\" data-id=\"231527c7\" data-element_type=\"widget\" data-e-type=\"widget\" data-widget_type=\"text-editor.default\">\n\t\t\t\t\t\t\t\t\t<p>info@althaus-it.de<br \/>+49 176-31501269<\/p>\t\t\t\t\t\t\t\t<\/div>\n\t\t\t\t<\/div>\n\t\t\t\t\t<\/div>\n\t\t\t\t<\/div>\n\t\t<div class=\"elementor-element elementor-element-2e931d1a e-flex e-con-boxed e-con e-parent\" data-id=\"2e931d1a\" data-element_type=\"container\" data-e-type=\"container\">\n\t\t\t\t\t<div class=\"e-con-inner\">\n\t\t<div class=\"elementor-element elementor-element-5d2cf7cf e-con-full e-flex e-con e-child\" data-id=\"5d2cf7cf\" data-element_type=\"container\" data-e-type=\"container\">\n\t\t\t\t<div class=\"elementor-element elementor-element-66de36e4 elementor-widget elementor-widget-google_maps\" data-id=\"66de36e4\" data-element_type=\"widget\" data-e-type=\"widget\" data-widget_type=\"google_maps.default\">\n\t\t\t\t\t\t\t<div class=\"elementor-custom-embed\">\n\t\t\t<iframe loading=\"lazy\"\n\t\t\t\t\tsrc=\"https:\/\/maps.google.com\/maps?q=Bruntjer%20Weg%2093&#038;t=m&#038;z=10&#038;output=embed&#038;iwloc=near\"\n\t\t\t\t\ttitle=\"Bruntjer Weg 93\"\n\t\t\t\t\taria-label=\"Bruntjer Weg 93\"\n\t\t\t><\/iframe>\n\t\t<\/div>\n\t\t\t\t\t\t<\/div>\n\t\t\t\t<\/div>\n\t\t<div class=\"elementor-element elementor-element-26dcc4ab e-con-full e-flex e-con e-child\" data-id=\"26dcc4ab\" data-element_type=\"container\" data-e-type=\"container\">\n\t\t\t\t<div class=\"elementor-element elementor-element-71e9e2dc elementor-widget elementor-widget-menu-anchor\" data-id=\"71e9e2dc\" data-element_type=\"widget\" data-e-type=\"widget\" id=\"contactform\" data-widget_type=\"menu-anchor.default\">\n\t\t\t\t\t\t\t<div class=\"elementor-menu-anchor\" id=\"Kontakt\"><\/div>\n\t\t\t\t\t\t<\/div>\n\t\t\t\t<div class=\"elementor-element elementor-element-503eb2c7 elementor-widget elementor-widget-heading\" data-id=\"503eb2c7\" data-element_type=\"widget\" data-e-type=\"widget\" data-widget_type=\"heading.default\">\n\t\t\t\t\t<h2 class=\"elementor-heading-title elementor-size-default\">Kontaktiere mich f\u00fcr deine erste Beratung<\/h2>\t\t\t\t<\/div>\n\t\t\t\t<div class=\"elementor-element elementor-element-168109c6 elementor-button-align-center elementor-mobile-button-align-stretch elementor-widget elementor-widget-form\" data-id=\"168109c6\" data-element_type=\"widget\" data-e-type=\"widget\" data-settings=\"{&quot;step_next_label&quot;:&quot;Weiter&quot;,&quot;step_previous_label&quot;:&quot;Zur\\u00fcck&quot;,&quot;button_width&quot;:&quot;100&quot;,&quot;step_type&quot;:&quot;number_text&quot;,&quot;step_icon_shape&quot;:&quot;circle&quot;}\" data-widget_type=\"form.default\">\n\t\t\t\t\t\t\t<form class=\"elementor-form\" method=\"post\" name=\"Contact Form\" aria-label=\"Contact Form\">\n\t\t\t<input type=\"hidden\" name=\"post_id\" value=\"34\"\/>\n\t\t\t<input type=\"hidden\" name=\"form_id\" value=\"168109c6\"\/>\n\t\t\t<input type=\"hidden\" name=\"referer_title\" value=\"Contact - Althaus IT-Solutions\" \/>\n\n\t\t\t\t\t\t\t<input type=\"hidden\" name=\"queried_id\" value=\"34\"\/>\n\t\t\t\n\t\t\t<div class=\"elementor-form-fields-wrapper elementor-labels-\">\n\t\t\t\t\t\t\t\t<div class=\"elementor-field-type-text elementor-field-group elementor-column elementor-field-group-field_bdacc7d elementor-col-50 elementor-field-required\">\n\t\t\t\t\t\t\t\t\t\t\t\t<label for=\"form-field-field_bdacc7d\" class=\"elementor-field-label elementor-screen-only\">\n\t\t\t\t\t\t\t\tVorname\t\t\t\t\t\t\t<\/label>\n\t\t\t\t\t\t\t\t\t\t\t\t\t\t<input size=\"1\" type=\"text\" name=\"form_fields[field_bdacc7d]\" id=\"form-field-field_bdacc7d\" class=\"elementor-field elementor-size-sm  elementor-field-textual\" placeholder=\"Vorname\" required=\"required\">\n\t\t\t\t\t\t\t\t\t\t\t<\/div>\n\t\t\t\t\t\t\t\t<div class=\"elementor-field-type-text elementor-field-group elementor-column elementor-field-group-field_e2d1cf3 elementor-col-50\">\n\t\t\t\t\t\t\t\t\t\t\t\t<label for=\"form-field-field_e2d1cf3\" class=\"elementor-field-label elementor-screen-only\">\n\t\t\t\t\t\t\t\tNachname\t\t\t\t\t\t\t<\/label>\n\t\t\t\t\t\t\t\t\t\t\t\t\t\t<input size=\"1\" type=\"text\" name=\"form_fields[field_e2d1cf3]\" id=\"form-field-field_e2d1cf3\" class=\"elementor-field elementor-size-sm  elementor-field-textual\" placeholder=\"Nachname\">\n\t\t\t\t\t\t\t\t\t\t\t<\/div>\n\t\t\t\t\t\t\t\t<div class=\"elementor-field-type-email elementor-field-group elementor-column elementor-field-group-email elementor-col-50 elementor-field-required\">\n\t\t\t\t\t\t\t\t\t\t\t\t<label for=\"form-field-email\" class=\"elementor-field-label elementor-screen-only\">\n\t\t\t\t\t\t\t\tEmail\t\t\t\t\t\t\t<\/label>\n\t\t\t\t\t\t\t\t\t\t\t\t\t\t<input size=\"1\" type=\"email\" name=\"form_fields[email]\" id=\"form-field-email\" class=\"elementor-field elementor-size-sm  elementor-field-textual\" placeholder=\"Email\" required=\"required\">\n\t\t\t\t\t\t\t\t\t\t\t<\/div>\n\t\t\t\t\t\t\t\t<div class=\"elementor-field-type-tel elementor-field-group elementor-column elementor-field-group-field_3e35a5b elementor-col-50\">\n\t\t\t\t\t\t\t\t\t\t\t\t<label for=\"form-field-field_3e35a5b\" class=\"elementor-field-label elementor-screen-only\">\n\t\t\t\t\t\t\t\tTelefon\t\t\t\t\t\t\t<\/label>\n\t\t\t\t\t\t\t\t<input size=\"1\" type=\"tel\" name=\"form_fields[field_3e35a5b]\" id=\"form-field-field_3e35a5b\" class=\"elementor-field elementor-size-sm  elementor-field-textual\" placeholder=\"Telefon\" pattern=\"[0-9()#&amp;+*-=.]+\" title=\"Nur Nummern oder Telefon-Zeichen (#, -, *, etc) werden akzeptiert.\">\n\n\t\t\t\t\t\t<\/div>\n\t\t\t\t\t\t\t\t<div class=\"elementor-field-type-textarea elementor-field-group elementor-column elementor-field-group-message elementor-col-100 elementor-field-required\">\n\t\t\t\t\t\t\t\t\t\t\t\t<label for=\"form-field-message\" class=\"elementor-field-label elementor-screen-only\">\n\t\t\t\t\t\t\t\tWie kann ich Ihnen weiterhelfen?\t\t\t\t\t\t\t<\/label>\n\t\t\t\t\t\t<textarea class=\"elementor-field-textual elementor-field  elementor-size-sm\" name=\"form_fields[message]\" id=\"form-field-message\" rows=\"4\" placeholder=\"Wie kann ich Ihnen weiterhelfen?\" required=\"required\"><\/textarea>\t\t\t\t<\/div>\n\t\t\t\t\t\t\t\t<div class=\"elementor-field-group elementor-column elementor-field-type-submit elementor-col-100 e-form__buttons\">\n\t\t\t\t\t<button class=\"elementor-button elementor-size-sm\" type=\"submit\">\n\t\t\t\t\t\t<span class=\"elementor-button-content-wrapper\">\n\t\t\t\t\t\t\t\t\t\t\t\t\t\t\t\t\t\t\t\t\t\t<span class=\"elementor-button-text\">Absenden<\/span>\n\t\t\t\t\t\t\t\t\t\t\t\t\t<\/span>\n\t\t\t\t\t<\/button>\n\t\t\t\t<\/div>\n\t\t\t<\/div>\n\t\t<\/form>\n\t\t\t\t\t\t<\/div>\n\t\t\t\t<\/div>\n\t\t\t\t\t<\/div>\n\t\t\t\t<\/div>\n\t\t<div class=\"elementor-element elementor-element-a1585aa e-flex e-con-boxed e-con e-parent\" data-id=\"a1585aa\" data-element_type=\"container\" data-e-type=\"container\">\n\t\t\t\t\t<div class=\"e-con-inner\">\n\t\t\t\t\t<\/div>\n\t\t\t\t<\/div>\n\t\t\t\t<\/div>\n\t\t","protected":false},"excerpt":{"rendered":"<p>Ich mache IT f\u00fcr Sie verst\u00e4ndlich. zuverl\u00e4ssig. zukunftssicher. einfach. Kontaktieren Sie mich f\u00fcr eine kostenlose Beratung und Kostensch\u00e4tzung! Addresse Bruntjer [&hellip;]<\/p>\n","protected":false},"author":1,"featured_media":38,"parent":0,"menu_order":0,"comment_status":"closed","ping_status":"closed","template":"elementor_header_footer","meta":{"site-sidebar-layout":"default","site-content-layout":"","ast-site-content-layout":"default","site-content-style":"default","site-sidebar-style":"default","ast-global-header-display":"","ast-banner-title-visibility":"","ast-main-header-display":"","ast-hfb-above-header-display":"","ast-hfb-below-header-display":"","ast-hfb-mobile-header-display":"","site-post-title":"","ast-breadcrumbs-content":"","ast-featured-img":"","footer-sml-layout":"","ast-disable-related-posts":"","theme-transparent-header-meta":"","adv-header-id-meta":"","stick-header-meta":"","header-above-stick-meta":"","header-main-stick-meta":"","header-below-stick-meta":"","astra-migrate-meta-layouts":"default","ast-page-background-enabled":"default","ast-page-background-meta":{"desktop":{"background-color":"var(--ast-global-color-5)","background-image":"","background-repeat":"repeat","background-position":"center center","background-size":"auto","background-attachment":"scroll","background-type":"","background-media":"","overlay-type":"","overlay-color":"","overlay-opacity":"","overlay-gradient":""},"tablet":{"background-color":"","background-image":"","background-repeat":"repeat","background-position":"center center","background-size":"auto","background-attachment":"scroll","background-type":"","background-media":"","overlay-type":"","overlay-color":"","overlay-opacity":"","overlay-gradient":""},"mobile":{"background-color":"","background-image":"","background-repeat":"repeat","background-position":"center center","background-size":"auto","background-attachment":"scroll","background-type":"","background-media":"","overlay-type":"","overlay-color":"","overlay-opacity":"","overlay-gradient":""}},"ast-content-background-meta":{"desktop":{"background-color":"var(--ast-global-color-4)","background-image":"","background-repeat":"repeat","background-position":"center center","background-size":"auto","background-attachment":"scroll","background-type":"","background-media":"","overlay-type":"","overlay-color":"","overlay-opacity":"","overlay-gradient":""},"tablet":{"background-color":"var(--ast-global-color-4)","background-image":"","background-repeat":"repeat","background-position":"center center","background-size":"auto","background-attachment":"scroll","background-type":"","background-media":"","overlay-type":"","overlay-color":"","overlay-opacity":"","overlay-gradient":""},"mobile":{"background-color":"var(--ast-global-color-4)","background-image":"","background-repeat":"repeat","background-position":"center center","background-size":"auto","background-attachment":"scroll","background-type":"","background-media":"","overlay-type":"","overlay-color":"","overlay-opacity":"","overlay-gradient":""}},"footnotes":""},"class_list":["post-34","page","type-page","status-publish","has-post-thumbnail","hentry"],"yoast_head":"<!-- This site is optimized with the Yoast SEO plugin v27.2 - https:\/\/yoast.com\/product\/yoast-seo-wordpress\/ -->\n<title>Contact - Althaus IT-Solutions<\/title>\n<meta name=\"robots\" content=\"index, follow, max-snippet:-1, max-image-preview:large, max-video-preview:-1\" \/>\n<link rel=\"canonical\" href=\"https:\/\/althaus-it.de\/?page_id=34\" \/>\n<meta property=\"og:locale\" content=\"de_DE\" \/>\n<meta property=\"og:type\" content=\"article\" \/>\n<meta property=\"og:title\" content=\"Contact - Althaus IT-Solutions\" \/>\n<meta property=\"og:description\" content=\"Ich mache IT f\u00fcr Sie verst\u00e4ndlich. zuverl\u00e4ssig. zukunftssicher. einfach. Kontaktieren Sie mich f\u00fcr eine kostenlose Beratung und Kostensch\u00e4tzung! Addresse Bruntjer [&hellip;]\" \/>\n<meta property=\"og:url\" content=\"https:\/\/althaus-it.de\/?page_id=34\" \/>\n<meta property=\"og:site_name\" content=\"Althaus IT-Solutions\" \/>\n<meta property=\"article:modified_time\" content=\"2025-11-14T22:04:23+00:00\" \/>\n<meta property=\"og:image\" content=\"https:\/\/althaus-it.de\/wp-content\/uploads\/2025\/09\/Contact.jpg\" \/>\n\t<meta property=\"og:image:width\" content=\"400\" \/>\n\t<meta property=\"og:image:height\" content=\"380\" \/>\n\t<meta property=\"og:image:type\" content=\"image\/jpeg\" \/>\n<meta name=\"twitter:card\" content=\"summary_large_image\" \/>\n<meta name=\"twitter:label1\" content=\"Gesch\u00e4tzte Lesezeit\" \/>\n\t<meta name=\"twitter:data1\" content=\"1\u00a0Minute\" \/>\n<script type=\"application\/ld+json\" class=\"yoast-schema-graph\">{\"@context\":\"https:\/\/schema.org\",\"@graph\":[{\"@type\":\"WebPage\",\"@id\":\"https:\/\/althaus-it.de\/?page_id=34\",\"url\":\"https:\/\/althaus-it.de\/?page_id=34\",\"name\":\"Contact - Althaus IT-Solutions\",\"isPartOf\":{\"@id\":\"https:\/\/althaus-it.de\/#website\"},\"primaryImageOfPage\":{\"@id\":\"https:\/\/althaus-it.de\/?page_id=34#primaryimage\"},\"image\":{\"@id\":\"https:\/\/althaus-it.de\/?page_id=34#primaryimage\"},\"thumbnailUrl\":\"https:\/\/althaus-it.de\/wp-content\/uploads\/2025\/09\/Contact.jpg\",\"datePublished\":\"2025-09-28T20:08:55+00:00\",\"dateModified\":\"2025-11-14T22:04:23+00:00\",\"breadcrumb\":{\"@id\":\"https:\/\/althaus-it.de\/?page_id=34#breadcrumb\"},\"inLanguage\":\"de\",\"potentialAction\":[{\"@type\":\"ReadAction\",\"target\":[\"https:\/\/althaus-it.de\/?page_id=34\"]}]},{\"@type\":\"ImageObject\",\"inLanguage\":\"de\",\"@id\":\"https:\/\/althaus-it.de\/?page_id=34#primaryimage\",\"url\":\"https:\/\/althaus-it.de\/wp-content\/uploads\/2025\/09\/Contact.jpg\",\"contentUrl\":\"https:\/\/althaus-it.de\/wp-content\/uploads\/2025\/09\/Contact.jpg\",\"width\":400,\"height\":380},{\"@type\":\"BreadcrumbList\",\"@id\":\"https:\/\/althaus-it.de\/?page_id=34#breadcrumb\",\"itemListElement\":[{\"@type\":\"ListItem\",\"position\":1,\"name\":\"Startseite\",\"item\":\"https:\/\/althaus-it.de\/\"},{\"@type\":\"ListItem\",\"position\":2,\"name\":\"Contact\"}]},{\"@type\":\"WebSite\",\"@id\":\"https:\/\/althaus-it.de\/#website\",\"url\":\"https:\/\/althaus-it.de\/\",\"name\":\"Althaus IT-Solutions\",\"description\":\"Althaus IT-Solutions \u2013 Ihr Partner f\u00fcr smarte IT-L\u00f6sungen, Netzwerktechnik und moderne Geb\u00e4udeautomation. Pers\u00f6nlich, zuverl\u00e4ssig und auf Ihre Bed\u00fcrfnisse zugeschnitten.\",\"publisher\":{\"@id\":\"https:\/\/althaus-it.de\/#organization\"},\"potentialAction\":[{\"@type\":\"SearchAction\",\"target\":{\"@type\":\"EntryPoint\",\"urlTemplate\":\"https:\/\/althaus-it.de\/?s={search_term_string}\"},\"query-input\":{\"@type\":\"PropertyValueSpecification\",\"valueRequired\":true,\"valueName\":\"search_term_string\"}}],\"inLanguage\":\"de\"},{\"@type\":\"Organization\",\"@id\":\"https:\/\/althaus-it.de\/#organization\",\"name\":\"Althaus IT-Solutions\",\"url\":\"https:\/\/althaus-it.de\/\",\"logo\":{\"@type\":\"ImageObject\",\"inLanguage\":\"de\",\"@id\":\"https:\/\/althaus-it.de\/#\/schema\/logo\/image\/\",\"url\":\"https:\/\/althaus-it.de\/wp-content\/uploads\/2025\/09\/favicon.png\",\"contentUrl\":\"https:\/\/althaus-it.de\/wp-content\/uploads\/2025\/09\/favicon.png\",\"width\":2134,\"height\":2134,\"caption\":\"Althaus IT-Solutions\"},\"image\":{\"@id\":\"https:\/\/althaus-it.de\/#\/schema\/logo\/image\/\"}}]}<\/script>\n<!-- \/ Yoast SEO plugin. -->","yoast_head_json":{"title":"Contact - Althaus IT-Solutions","robots":{"index":"index","follow":"follow","max-snippet":"max-snippet:-1","max-image-preview":"max-image-preview:large","max-video-preview":"max-video-preview:-1"},"canonical":"https:\/\/althaus-it.de\/?page_id=34","og_locale":"de_DE","og_type":"article","og_title":"Contact - Althaus IT-Solutions","og_description":"Ich mache IT f\u00fcr Sie verst\u00e4ndlich. zuverl\u00e4ssig. zukunftssicher. einfach. Kontaktieren Sie mich f\u00fcr eine kostenlose Beratung und Kostensch\u00e4tzung! Addresse Bruntjer [&hellip;]","og_url":"https:\/\/althaus-it.de\/?page_id=34","og_site_name":"Althaus IT-Solutions","article_modified_time":"2025-11-14T22:04:23+00:00","og_image":[{"width":400,"height":380,"url":"https:\/\/althaus-it.de\/wp-content\/uploads\/2025\/09\/Contact.jpg","type":"image\/jpeg"}],"twitter_card":"summary_large_image","twitter_misc":{"Gesch\u00e4tzte Lesezeit":"1\u00a0Minute"},"schema":{"@context":"https:\/\/schema.org","@graph":[{"@type":"WebPage","@id":"https:\/\/althaus-it.de\/?page_id=34","url":"https:\/\/althaus-it.de\/?page_id=34","name":"Contact - Althaus IT-Solutions","isPartOf":{"@id":"https:\/\/althaus-it.de\/#website"},"primaryImageOfPage":{"@id":"https:\/\/althaus-it.de\/?page_id=34#primaryimage"},"image":{"@id":"https:\/\/althaus-it.de\/?page_id=34#primaryimage"},"thumbnailUrl":"https:\/\/althaus-it.de\/wp-content\/uploads\/2025\/09\/Contact.jpg","datePublished":"2025-09-28T20:08:55+00:00","dateModified":"2025-11-14T22:04:23+00:00","breadcrumb":{"@id":"https:\/\/althaus-it.de\/?page_id=34#breadcrumb"},"inLanguage":"de","potentialAction":[{"@type":"ReadAction","target":["https:\/\/althaus-it.de\/?page_id=34"]}]},{"@type":"ImageObject","inLanguage":"de","@id":"https:\/\/althaus-it.de\/?page_id=34#primaryimage","url":"https:\/\/althaus-it.de\/wp-content\/uploads\/2025\/09\/Contact.jpg","contentUrl":"https:\/\/althaus-it.de\/wp-content\/uploads\/2025\/09\/Contact.jpg","width":400,"height":380},{"@type":"BreadcrumbList","@id":"https:\/\/althaus-it.de\/?page_id=34#breadcrumb","itemListElement":[{"@type":"ListItem","position":1,"name":"Startseite","item":"https:\/\/althaus-it.de\/"},{"@type":"ListItem","position":2,"name":"Contact"}]},{"@type":"WebSite","@id":"https:\/\/althaus-it.de\/#website","url":"https:\/\/althaus-it.de\/","name":"Althaus IT-Solutions","description":"Althaus IT-Solutions \u2013 Ihr Partner f\u00fcr smarte IT-L\u00f6sungen, Netzwerktechnik und moderne Geb\u00e4udeautomation. Pers\u00f6nlich, zuverl\u00e4ssig und auf Ihre Bed\u00fcrfnisse zugeschnitten.","publisher":{"@id":"https:\/\/althaus-it.de\/#organization"},"potentialAction":[{"@type":"SearchAction","target":{"@type":"EntryPoint","urlTemplate":"https:\/\/althaus-it.de\/?s={search_term_string}"},"query-input":{"@type":"PropertyValueSpecification","valueRequired":true,"valueName":"search_term_string"}}],"inLanguage":"de"},{"@type":"Organization","@id":"https:\/\/althaus-it.de\/#organization","name":"Althaus IT-Solutions","url":"https:\/\/althaus-it.de\/","logo":{"@type":"ImageObject","inLanguage":"de","@id":"https:\/\/althaus-it.de\/#\/schema\/logo\/image\/","url":"https:\/\/althaus-it.de\/wp-content\/uploads\/2025\/09\/favicon.png","contentUrl":"https:\/\/althaus-it.de\/wp-content\/uploads\/2025\/09\/favicon.png","width":2134,"height":2134,"caption":"Althaus IT-Solutions"},"image":{"@id":"https:\/\/althaus-it.de\/#\/schema\/logo\/image\/"}}]}},"_links":{"self":[{"href":"https:\/\/althaus-it.de\/index.php?rest_route=\/wp\/v2\/pages\/34","targetHints":{"allow":["GET"]}}],"collection":[{"href":"https:\/\/althaus-it.de\/index.php?rest_route=\/wp\/v2\/pages"}],"about":[{"href":"https:\/\/althaus-it.de\/index.php?rest_route=\/wp\/v2\/types\/page"}],"author":[{"embeddable":true,"href":"https:\/\/althaus-it.de\/index.php?rest_route=\/wp\/v2\/users\/1"}],"replies":[{"embeddable":true,"href":"https:\/\/althaus-it.de\/index.php?rest_route=%2Fwp%2Fv2%2Fcomments&post=34"}],"version-history":[{"count":19,"href":"https:\/\/althaus-it.de\/index.php?rest_route=\/wp\/v2\/pages\/34\/revisions"}],"predecessor-version":[{"id":255,"href":"https:\/\/althaus-it.de\/index.php?rest_route=\/wp\/v2\/pages\/34\/revisions\/255"}],"wp:featuredmedia":[{"embeddable":true,"href":"https:\/\/althaus-it.de\/index.php?rest_route=\/wp\/v2\/media\/38"}],"wp:attachment":[{"href":"https:\/\/althaus-it.de\/index.php?rest_route=%2Fwp%2Fv2%2Fmedia&parent=34"}],"curies":[{"name":"wp","href":"https:\/\/api.w.org\/{rel}","templated":true}]}}